ivide 469989858?
True
Is 230 a factor of 4174184900?
True
Is 2344151866 a multiple of 343?
True
Is 251 a factor of 2358696949?
True
Is 232946848 a multiple of 2910?
False
Does 31 divide 12340201?
True
Is 8 a factor of 4922127?
False
Is 22584024 a multiple of 3?
True
Is 7342933 a multiple of 99?
False
Does 33 divide 877571508?
True
Does 188 divide 11157048?
True
Is 94470186 a multiple of 6?
True
Is 30 a factor of 160022994?
False
Does 145 divide 214320972?
False
Does 8 divide 32706400?
True
Does 25 divide 44722050?
True
Is 828708864 a multiple of 32?
True
Does 53 divide 1657485714?
False
Is 22258188 a multiple of 699?
False
Is 2283 a factor of 48182715?
True
Is 2002868 a multiple of 1228?
True
Does 87 divide 882399240?
True
Is 1607 a factor of 14275730?
False
Is 3441 a factor of 54512979?
False
Is 3783964 a multiple of 132?
False
Is 28788788 a multiple of 1019?
True
Does 118 divide 289610535?
False
Is 43 a factor of 2102524560?
True
Is 259 a factor of 159626036?
False
Is 148881104 a multiple of 16?
True
Does 19 divide 35540906?
True
Does 130 divide 11338470?
True
Does 1283 divide 1318992330?
False
Is 973533744 a multiple of 48?
True
Is 258140868 a multiple of 2967?
True
Does 452 divide 3357004?
True
Does 6349 divide 2023625901?
False
Is 1444090662 a multiple of 441?
True
Does 693 divide 3424932725?
False
Does 14 divide 5277258?
True
Is 74 a factor of 5099340?
True
Is 1751216577 a multiple of 1326?
False
Does 13 divide 177638580?
False
Is 19947645 a multiple of 45?
True
Does 99 divide 963088533?
True
Is 27701833 a multiple of 1308?
False
Is 12565830 a multiple of 5?
True
Does 238 divide 169073212?
False
Is 221893182 a multiple of 54?
True
Does 3390 divide 284756238?
False
Is 44288190 a multiple of 1185?
True
Is 5 a factor of 42389465?
True
Is 64 a factor of 813655431?
False
Does 47 divide 10779700?
False
Is 36991620 a multiple of 135?
True
Is 7 a factor of 201562188?
False
Is 53024034 a multiple of 298?
True
Is 36 a factor of 35794878?
False
Is 502634616 a multiple of 8?
True
Is 602 a factor of 235916165?
False
Is 717844320 a multiple of 19?
True
Does 3 divide 4508973?
True
Does 1875 divide 12626528?
False
Does 48 divide 3666224112?
True
Is 14790535 a multiple of 463?
True
Is 20 a factor of 69829796?
False
Is 17 a factor of 74489818?
True
Does 35 divide 51009631?
False
Is 329 a factor of 11669630?
True
Does 2783 divide 263182744?
True
Is 56301968 a multiple of 1379?
False
Does 89 divide 9866420?
False
Is 406 a factor of 2698959704?
True
Is 2 a factor of 2459544?
True
Is 95 a factor of 50860231?
False
Is 12 a factor of 430218919?
False
Is 21 a factor of 1944846582?
True
Is 80 a factor of 499716000?
True
Is 6832587 a multiple of 11?
False
Is 204 a factor of 68751817?
False
Does 74 divide 411183438?
False
Is 6567750 a multiple of 189?
True
Is 21 a factor of 6600718095?
False
Is 3267973344 a multiple of 464?
True
Does 173 divide 15672060?
False
Is 16 a factor of 6928256?
True
Is 3 a factor of 4000794?
True
Is 14 a factor of 10382853?
False
Is 276772734 a multiple of 3897?
True
Is 2846559216 a multiple of 18?
False
Is 356910643 a multiple of 5?
False
Is 1913121540 a multiple of 660?
True
Is 16639480 a multiple of 44?
True
Does 47 divide 434963?
False
Is 262 a factor of 18246728?
True
Is 1833 a factor of 1816017255?
True
Is 5 a factor of 35459525?
True
Does 77 divide 8011619?
True
Is 3029116512 a multiple of 1038?
True
Is 318799830 a multiple of 49?
False
Is 227 a factor of 1003651671?
True
Does 28 divide 1052022356?
True
Does 82 divide 400096076?
False
Does 531 divide 24635167?
False
Is 515 a factor of 174824990?
True
Is 111 a factor of 94041531?
True
Is 298 a factor of 141004660?
True
Is 273 a factor of 72348822?
True
Does 555 divide 7543005?
True
Is 46 a factor of 2110915950?
False
Is 243 a factor of 42832152?
True
Is 43 a factor of 395676396?
False
Is 74945640 a multiple of 210?
True
Does 46 divide 4096346?
True
Does 11 divide 626700548?
False
Is 7 a factor of 7212710?
False
Is 168847899 a multiple of 23?
True
Is 2103908669 a multiple of 3211?
False
Does 13 divide 193160383?
True
Is 108 a factor of 62059777?
False
Is 459 a factor of 877320207?
True
Is 4513871258 a multiple of 10?
False
Is 456906700 a multiple of 332?
True
Does 11 divide 48005991?
True
Is 14 a factor of 128367988?
True
Does 22 divide 4106234?
True
Is 36 a factor of 20838648?
False
Is 3236277090 a multiple of 7631?
False
Does 71 divide 50684917?
False
Does 37 divide 5441159?
False
Is 58039176 a multiple of 21?
False
Is 107 a factor of 47666878?
False
Is 13313412 a multiple of 92?
True
Is 20 a factor of 771938023?
False
Is 4 a factor of 74511236?
True
Is 557756500 a multiple of 250?
True
Is 2119204 a multiple of 568?
False
Is 28302356 a multiple of 29?
False
Is 2387255 a multiple of 366?
False
Is 25391460 a multiple of 246?
False
Does 1144 divide 452736856?
True
Is 46994486 a multiple of 5?
False
Is 181913482 a multiple of 275?
False
Does 194 divide 700448252?
True
Is 8 a factor of 8230904?
True
Does 28 divide 55353732?
True
Is 25 a factor of 74449525?
True
Is 899 a factor of 406365081?
True
Is 6478527930 a multiple of 2406?
True
Does 1993 divide 672037932?
False
Is 9 a factor of 238923883?
False
Does 176 divide 127253104?
True
Does 28 divide 34231792?
True
Is 92154695 a multiple of 49?
False
Is 651 a factor of 145103942?
False
Is 639866317 a multiple of 6389?
False
Does 24 divide 25552440?
True
Is 62 a factor of 35709458?
True
Does 192 divide 112605696?
True
Is 179 a factor of 25541992?
False
Is 2743771968 a multiple of 24?
True
Is 693175560 a multiple of 588?
True
Does 13 divide 420149291?
False
Is 18 a factor of 20623358?
False
Does 82 divide 681896515?
False
Is 26 a factor of 693935476?
True
Is 6 a factor of 53954520?
True
Is 199 a factor of 165510292?
False
Is 3 a factor of 187356?
True
Is 11 a factor of 182452565?
False
Is 10 a factor of 226573070?
True
Does 323 divide 916973012?
False
Does 91 divide 249375193?
False
Is 282518 a multiple of 29?
True
Is 75 a factor of 33779565?
False
Does 122 divide 641676080?
True
Does 73 divide 83153300?
False
Is 129506715 a multiple of 27?
True
Is 681 a factor of 87626994?
True
Is 25 a factor of 275524125?
True
Is 1361987340 a multiple of 10?
True
Does 2486 divide 865016001?
False
Is 492945758 a multiple of 122?
True
Is 157637538 a multiple of 6?
True
Does 52 divide 203046241?
False
Does 6 divide 60056762?
False
Does 318 divide 162992808?
True
Is 334 a factor of 405797642?
True
Is 692421317 a multiple of 251?
False
Is 690 a factor of 61126989?
False
Is 4741 a factor of 461716508?
True
Does 2 divide 243145?
False
Is 667469295 a multiple of 1397?
False
Is 236025504 a multiple of 2904?
True
Is 22 a factor of 135268709?
False
Is 144 a factor of 179930114?
False
Does 781 divide 8132416?
False
Is 107705671 a multiple of 225?
False
Does 18 divide 2199620?
False
Is 193748959 a multiple of 64?
False
Does 3196 divide 1180795681?
False
Does 14 divide 479641540?
True
Does 1996 divide 131338565?
False
Is 55157703 a multiple of 19?
True
Does 20 divide 10674880?
True
Is 11 a factor of 2642702?
False
Is 71 a factor of 35383560?
True
Is 761719855 a multiple of 47?
False
Is 12 a factor of 782104518?
False
Does 31 divide 97188255?
True
Does 17 divide 6582996?
False
Is 131264951 a multiple of 103?
True
Is 4549 a factor of 429100764?
False
Does 813 divide 253790992?
False
Does 14 divide 3157476876?
False
Is 63 a factor of 4441163013?
True
Does 23 divide 331854212?
True
Is 462 a factor of 199229400?
False
Does 9 divide 415515128?
False
Is 342 a factor of 58582206?
True
Does 121 divide 9437395?
True
Is 16 a factor of 6670016?
True
Does 866 divide 19157123?
False
Is 85 a factor of 27320870?
True
Is 1141130312 a multiple of 2293?
False
Does 17 divide 4042611?
False
Is 95 a factor of 3953153775?
True
Does 204 divide 117826320?
True
Is 675879980 a multiple of 310?
True
Is 19277443 a multiple of 233?
False
Does 523 divide 176731637?
True
Does 12272 divide 2830831328?
True
Is 45569440 a multiple of 224?
True
Is 330068180 a multiple of 20?
True
Is 46 a factor of 19424466?
True
Is 92 a factor of 4772311?
False
Is 237 a factor of 1476071248?
False
Is 474504859 a multiple of 670?
False
Is 2377 a factor of 326372145?
False
Is 193 a factor of 697160197?
True
Does 3419 div